{"id":22,"date":"2024-07-03T19:34:34","date_gmt":"2024-07-03T17:34:34","guid":{"rendered":"https:\/\/steiner.vogt-andreas.de\/?page_id=22"},"modified":"2024-07-09T15:17:30","modified_gmt":"2024-07-09T13:17:30","slug":"impressum","status":"publish","type":"page","link":"https:\/\/www.steiner-versicherungskontor.de\/index.php\/impressum\/","title":{"rendered":"Impressum"},"content":{"rendered":"\n<h3 class=\"wp-block-heading\">Kontaktdaten<\/h3>\n\n\n\n<p>Steiner Versicherungskontor GmbH, Alfred-Nobel-Stra\u00dfe 9,\u00a086156 Augsburg<br>E-Mail\u00a0<a href=\"mailto:info@steiner-versicherungskontor.de\"><\/a><a href=\"mailto:info@steiner-versicherungskontor.de\">info@steiner-versicherungskontor.de<\/a><br>Telefon 0821\/51 65 37<\/p>\n\n\n\n<h3 class=\"wp-block-heading\">Registergericht<\/h3>\n\n\n\n<p>Amtsgericht Augsburg \u2013 HRB 39744<br>Steiner Versicherungskontor GmbH<br>Gesch\u00e4ftsf\u00fchrender Gesellschafter: Markus Steiner<br>Steuernummer: 103\/137\/80002<\/p>\n\n\n\n<h3 class=\"wp-block-heading\">T\u00e4tigkeitsart<\/h3>\n\n\n\n<p>Erlaubnis nach \u00a734d (Versicherungsmakler)<br>Registrierungsnummer D-HY4H-AH44Z-65<\/p>\n\n\n\n<p>Erlaubnis nach \u00a734f (Finanzanlagenvermittler)<br>Registrierungsnummer D-F-155-ZJLZ-92<\/p>\n\n\n\n<p>Zust\u00e4ndige Registerstelle:<br>DIHK I Deutsche Industrie- &amp; Handelskammer, Breite Stra\u00dfe 29, 10178 Berlin<br>Beh\u00f6rde f\u00fcr Erlaubniserteilung gem. \u00a7 34 d Abs. 1 GewO:<br>IHK f\u00fcr M\u00fcnchen und Oberbayern, Max-Joseph-Str. 2, 80333 M\u00fcnchen<\/p>\n\n\n\n<h3 class=\"wp-block-heading\">Beteiligungen<\/h3>\n\n\n\n<p>Der Versicherungsvermittler h\u00e4lt keine unmittelbare oder mittelbare Beteiligung von mehr als 10% der Stimmrechte oder des Kapitals an einem Versicherungsunternehmen. Ein Versicherungsunternehmen h\u00e4lt keine mittelbare oder unmittelbare Beteiligung von mehr als 10% der Stimmrechte oder des Kapitals am Versicherungsvermittler.<\/p>\n\n\n\n<h3 class=\"wp-block-heading\">Schlichtungsstellen<\/h3>\n\n\n\n<p>Zust\u00e4ndige Schlichtungsstellen:<br>Versicherungsombudsmann e.V.<br>Prof. Dr. G\u00fcnter Hirsch, Postfach 080622, 10006 Berlin<br>Ombudsmann f\u00fcr private Kranken-Pflegeversicherung<br>Heinz Lanfermann, Leipziger Str. 104, 10117 Berlin<br>Ombudsfrau der privaten Bausparkassen<br>Dr. Heidi Lampert-Lang, Postfach 303079, 10730 Berlin<\/p>\n\n\n\n<h3 class=\"wp-block-heading\">Quellen<\/h3>\n\n\n\n<p>Bilder, Filme und Tondokumente werden mit Lizenzen folgender Anbieter verwendet: www.istockphoto.de, www.shutterstock.com, www.slideshop.com, www.audiojungle.net, www.terrasound.de<\/p>\n\n\n\n<h3 class=\"wp-block-heading\">Inhalt des Onlineangebotes<\/h3>\n\n\n\n<p>Steiner Versicherungskontor GmbH \u00fcbernimmt keinerlei Gew\u00e4hr f\u00fcr die Aktualit\u00e4t, Korrektheit, Vollst\u00e4ndigkeit oder Qualit\u00e4t der bereitgestellten Informationen. Haftungsanspr\u00fcche gegen Steiner Versicherungskontor GmbH, welche sich auf Sch\u00e4den materieller oder ideeller Art beziehen, die durch die Nutzung oder Nichtnutzung der dargebotenen Informationen bzw. durch die Nutzung fehlerhafter und unvollst\u00e4ndiger Informationen verursacht wurden sind grunds\u00e4tzlich ausgeschlossen, sofern seitens Steiner Versicherungskontor GmbH kein nachweislich vors\u00e4tzliches oder grob fahrl\u00e4ssiges Verschulden vorliegt. Alle Angebote sind freibleibend und unverbindlich.<\/p>\n\n\n\n<h3 class=\"wp-block-heading\">Verweise und Links<\/h3>\n\n\n\n<p>Bei direkten oder indirekten Verweisen auf fremde Internetseiten (&#8222;Links&#8220;), die au\u00dferhalb des Verantwortungsbereiches von Steiner Versicherungskontor GmbH liegen, w\u00fcrde eine Haftungsverpflichtung ausschlie\u00dflich in dem Fall in Kraft treten, in dem Steiner Versicherungskontor GmbH von den Inhalten Kenntnis hat und es ihr technisch m\u00f6glich und zumutbar w\u00e4re, die Nutzung im Falle rechtswidriger Inhalte zu verhindern. Steiner Versicherungskontor GmbH hat keinerlei Einfluss auf die aktuelle und zuk\u00fcnftige Gestaltung und auf die Inhalte der gelinkten\/verkn\u00fcpften Seiten. Deshalb distanziert er sich hiermit ausdr\u00fccklich von allen Inhalten aller gelinkten \/verkn\u00fcpften Seiten, die nach der Linksetzung ver\u00e4ndert wurden. Diese Feststellung gilt f\u00fcr alle innerhalb des eigenen Internetangebotes gesetzten Links und Verweise sowie f\u00fcr Fremdeintr\u00e4ge in von Steiner Versicherungskontor GmbH eingerichteten G\u00e4steb\u00fcchern, Diskussionsforen und Mailinglisten. F\u00fcr illegale, fehlerhafte oder unvollst\u00e4ndige Inhalte und insbesondere f\u00fcr Sch\u00e4den, die aus der Nutzung oder Nichtnutzung solcherart dargebotener Informationen entstehen, haftet allein der Anbieter der Seite, auf welche verwiesen wurde, nicht derjenige, der \u00fcber Links auf die jeweilige Ver\u00f6ffentlichung lediglich verweist.<\/p>\n\n\n\n<h3 class=\"wp-block-heading\">Urheber- und Kennzeichenrecht<\/h3>\n\n\n\n<p>Steiner Versicherungskontor GmbH ist bestrebt, in allen Publikationen die Urheberrechte der verwendeten Grafiken, Tondokumente, Videosequenzen und Texte zu beachten, von ihm selbst erstellte Grafiken, Tondokumente, Videosequenzen und Texte zu nutzen oder auf lizenzfreie Grafiken, Tondokumente, Videosequenzen und Texte zur\u00fcckzugreifen. Alle innerhalb des Internetangebotes genannten und ggf. durch Dritte gesch\u00fctzten Marken- und Warenzeichen unterliegen uneingeschr\u00e4nkt den Bestimmungen des jeweils g\u00fcltigen Kennzeichenrechts und den Besitzrechten der jeweiligen eingetragenen Eigent\u00fcmer. Allein aufgrund der blo\u00dfen Nennung ist nicht der Schlu\u00df zu ziehen, dass Markenzeichen nicht durch Rechte Dritter gesch\u00fctzt sind! Das Copyright f\u00fcr ver\u00f6ffentlichte, von Steiner Versicherungskontor GmbH selbst erstellte Objekte bleibt allein bei Steiner Versicherungskontor GmbH. Eine Vervielf\u00e4ltigung oder Verwendung solcher Grafiken, Tondokumente, Videosequenzen und Texte in anderen elektronischen oder gedruckten Publikationen ist ohne ausdr\u00fcckliche Zustimmung von Steiner Versicherungskontor GmbH nicht gestattet.<\/p>\n\n\n\n<h3 class=\"wp-block-heading\">Rechtswirksamkeit dieses Haftungsausschlusses<\/h3>\n\n\n\n<p>Dieser Haftungsausschluss ist als Teil des Internetangebotes zu betrachten, von dem aus auf diese Seite verwiesen wurde.<\/p>\n\n\n\n<h3 class=\"wp-block-heading\">Salvatorische Klausel<\/h3>\n\n\n\n<p>Sofern Teile oder einzelne Formulierungen dieses Textes der geltenden Rechtslage nicht, nicht mehr oder nicht vollst\u00e4ndig entsprechen sollten, bleiben die \u00fcbrigen Teile des Dokumentes in ihrem Inhalt und ihrer G\u00fcltigkeit davon unber\u00fchrt.<\/p>\n","protected":false},"excerpt":{"rendered":"<p>Kontaktdaten Steiner Versicherungskontor GmbH, Alfred-Nobel-Stra\u00dfe 9,\u00a086156 AugsburgE-Mail\u00a0info@steiner-versicherungskontor.deTelefon 0821\/51 65 37 Registergericht Amtsgericht Augsburg \u2013 HRB 39744Steiner Versicherungskontor GmbHGesch\u00e4ftsf\u00fchrender Gesellschafter: Markus SteinerSteuernummer: 103\/137\/80002 T\u00e4tigkeitsart Erlaubnis nach \u00a734d (Versicherungsmakler)Registrierungsnummer D-HY4H-AH44Z-65 Erlaubnis nach \u00a734f (Finanzanlagenvermittler)Registrierungsnummer D-F-155-ZJLZ-92 Zust\u00e4ndige Registerstelle:DIHK I Deutsche Industrie- &amp; Handelskammer, Breite Stra\u00dfe 29, 10178 BerlinBeh\u00f6rde f\u00fcr Erlaubniserteilung gem. \u00a7 34 d Abs. 1 GewO:IHK f\u00fcr &#8230; <a title=\"Impressum\" class=\"read-more\" href=\"https:\/\/www.steiner-versicherungskontor.de\/index.php\/impressum\/\" aria-label=\"Mehr Informationen \u00fcber Impressum\">Weiterlesen<\/a><\/p>\n","protected":false},"author":1,"featured_media":0,"parent":0,"menu_order":0,"comment_status":"closed","ping_status":"closed","template":"","meta":{"footnotes":""},"class_list":["post-22","page","type-page","status-publish"],"_links":{"self":[{"href":"https:\/\/www.steiner-versicherungskontor.de\/index.php\/wp-json\/wp\/v2\/pages\/22","targetHints":{"allow":["GET"]}}],"collection":[{"href":"https:\/\/www.steiner-versicherungskontor.de\/index.php\/wp-json\/wp\/v2\/pages"}],"about":[{"href":"https:\/\/www.steiner-versicherungskontor.de\/index.php\/wp-json\/wp\/v2\/types\/page"}],"author":[{"embeddable":true,"href":"https:\/\/www.steiner-versicherungskontor.de\/index.php\/wp-json\/wp\/v2\/users\/1"}],"replies":[{"embeddable":true,"href":"https:\/\/www.steiner-versicherungskontor.de\/index.php\/wp-json\/wp\/v2\/comments?post=22"}],"version-history":[{"count":6,"href":"https:\/\/www.steiner-versicherungskontor.de\/index.php\/wp-json\/wp\/v2\/pages\/22\/revisions"}],"predecessor-version":[{"id":81,"href":"https:\/\/www.steiner-versicherungskontor.de\/index.php\/wp-json\/wp\/v2\/pages\/22\/revisions\/81"}],"wp:attachment":[{"href":"https:\/\/www.steiner-versicherungskontor.de\/index.php\/wp-json\/wp\/v2\/media?parent=22"}],"curies":[{"name":"wp","href":"https:\/\/api.w.org\/{rel}","templated":true}]}}