{"id":55,"date":"2024-07-06T07:55:21","date_gmt":"2024-07-06T05:55:21","guid":{"rendered":"https:\/\/steiner.vogt-andreas.de\/?page_id=55"},"modified":"2024-07-06T07:56:47","modified_gmt":"2024-07-06T05:56:47","slug":"erstens-kommts-anders-und-zweitens-als-man-denkt","status":"publish","type":"page","link":"https:\/\/www.steiner-versicherungskontor.de\/index.php\/startseite\/erstens-kommts-anders-und-zweitens-als-man-denkt\/","title":{"rendered":"Erstens kommt\u00b4s anders und zweitens als man denkt!"},"content":{"rendered":"\n<p>Es geht f\u00fcr Dich im Kern lediglich um zwei \u00dcberlegungen:<\/p>\n\n\n\n<ul class=\"wp-block-list\">\n<li>Wie wahrscheinlich ist ein bestimmtes Risiko f\u00fcr mich, meine Familie, mein Unternehmen?<\/li>\n\n\n\n<li>Wie bedrohlich ist der Schaden bei Eintritt des Versicherungsfalles?<\/li>\n<\/ul>\n\n\n\n<p><br>Hier gilt es, die richtige Mischung zu finden, um kein Geld zu verschwenden. Wer will sich sinnlos gegen relativ wahrscheinlich eintretenden Kleinkram teuer versichern oder gegen unwahrscheinliche Katastrophen? Leider werden Entscheidungen oftmals zu spontan und emotional getroffen. Statistiken und Wahrscheinlichkeiten aber sind emotionsfrei und in der Regel die besseren Ratgeber. Wer beispielsweise erwartet, er werde nicht sehr alt und m\u00fcsse deshalb nicht vorsorgen, kann dies bleiben lassen. Wahrscheinlicher aber ist in unserer Zeit \u2013 ausweislich von Statistiken \u2013 das Erreichen eines hohen Alters mit weiter steigender Tendenz. Wer unbedingt meint, er m\u00fcsse sich besser gegen Unfall statt gegen Berufsunf\u00e4higkeit versichern, der kann das tun. Statistisch gesehen sind jedoch Unf\u00e4lle mit einem hohen Invalidit\u00e4tsgrad im Vergleich zum Berufsunf\u00e4higkeitsrisiko gering. Die Wahrscheinlichkeit eines Glasschadens ist relativ hoch, jedoch in der Regel nicht ruin\u00f6s. W\u00e4ge also bei der Wahl Deiner Absicherung immer die Wahrscheinlichkeit und Bedrohlichkeit ab! Zu folgenden Themen und Produkten sind wir seit mehr als 25 Jahren Ansprechpartner und stehen Ihnen bei Beratung, Vermittlung und Betreuung gerne zur Seite:<\/p>\n\n\n\n<figure class=\"wp-block-table\"><table><thead><tr><td><strong>Thema<\/strong><\/td><td><strong>Produkt<\/strong><\/td><td><strong>Priorit\u00e4t<\/strong><\/td><\/tr><\/thead><tbody><tr><td>Schutz vor und Abwehr von fremden Anspr\u00fcchen<\/td><td>Haftpflichtversicherung<\/td><td><strong>\u2217\u2217\u2217<\/strong><\/td><\/tr><tr><td>Durchsetzung eigener Anspr\u00fcche<\/td><td>Rechtsschutzversicherung<\/td><td><strong>\u2217<\/strong><\/td><\/tr><tr><td>Wohnen und Bauen<\/td><td>Hausrat- und Geb\u00e4udeversicherung<\/td><td><strong>\u2217<\/strong><\/td><\/tr><tr><td>Mobilit\u00e4t<\/td><td>Kraftfahrzeug- und Yachtversicherung<\/td><td><strong>\u2217\u2217<\/strong><\/td><\/tr><tr><td>Unternehmen<\/td><td>Verm\u00f6gensschaden-, Betriebshaftpflicht- und Gewerbesachversicherung<\/td><td><strong>\u2217\u2217<\/strong><\/td><\/tr><tr><td>Gesundheit<\/td><td>Krankenversicherung (gesetzlich und privat)<\/td><td><strong>\u2217\u2217\u2217<\/strong><\/td><\/tr><tr><td>Altersvorsorge<\/td><td>Klassische und fondsgebundene (Riester-)Rentenversicherung (betrieblich und privat)<\/td><td><strong>\u2217\u2217<\/strong><\/td><\/tr><tr><td>Hinterbliebene<\/td><td>Risiko- und Restschuldversicherung<\/td><td><strong>\u2217\u2217<\/strong><\/td><\/tr><tr><td>Einkommen<\/td><td>Berufsunf\u00e4higkeitsversicherung und Krankentagegeld<\/td><td><strong>\u2217\u2217\u2217<\/strong><\/td><\/tr><tr><td>Invalidit\u00e4t<\/td><td>Unfall- und Grundf\u00e4higkeitsversicherung<\/td><td><strong>\u2217<\/strong><\/td><\/tr><tr><td>Schwere Krankheit<\/td><td>Dread-Disease-Police<\/td><td><strong>\u2217<\/strong><\/td><\/tr><\/tbody><\/table><\/figure>\n","protected":false},"excerpt":{"rendered":"<p>Es geht f\u00fcr Dich im Kern lediglich um zwei \u00dcberlegungen: Hier gilt es, die richtige Mischung zu finden, um kein Geld zu verschwenden. Wer will sich sinnlos gegen relativ wahrscheinlich eintretenden Kleinkram teuer versichern oder gegen unwahrscheinliche Katastrophen? Leider werden Entscheidungen oftmals zu spontan und emotional getroffen. Statistiken und Wahrscheinlichkeiten aber sind emotionsfrei und in &#8230; <a title=\"Erstens kommt\u00b4s anders und zweitens als man denkt!\" class=\"read-more\" href=\"https:\/\/www.steiner-versicherungskontor.de\/index.php\/startseite\/erstens-kommts-anders-und-zweitens-als-man-denkt\/\" aria-label=\"Mehr Informationen \u00fcber Erstens kommt\u00b4s anders und zweitens als man denkt!\">Weiterlesen<\/a><\/p>\n","protected":false},"author":1,"featured_media":0,"parent":2,"menu_order":0,"comment_status":"closed","ping_status":"closed","template":"","meta":{"footnotes":""},"class_list":["post-55","page","type-page","status-publish"],"_links":{"self":[{"href":"https:\/\/www.steiner-versicherungskontor.de\/index.php\/wp-json\/wp\/v2\/pages\/55","targetHints":{"allow":["GET"]}}],"collection":[{"href":"https:\/\/www.steiner-versicherungskontor.de\/index.php\/wp-json\/wp\/v2\/pages"}],"about":[{"href":"https:\/\/www.steiner-versicherungskontor.de\/index.php\/wp-json\/wp\/v2\/types\/page"}],"author":[{"embeddable":true,"href":"https:\/\/www.steiner-versicherungskontor.de\/index.php\/wp-json\/wp\/v2\/users\/1"}],"replies":[{"embeddable":true,"href":"https:\/\/www.steiner-versicherungskontor.de\/index.php\/wp-json\/wp\/v2\/comments?post=55"}],"version-history":[{"count":1,"href":"https:\/\/www.steiner-versicherungskontor.de\/index.php\/wp-json\/wp\/v2\/pages\/55\/revisions"}],"predecessor-version":[{"id":56,"href":"https:\/\/www.steiner-versicherungskontor.de\/index.php\/wp-json\/wp\/v2\/pages\/55\/revisions\/56"}],"up":[{"embeddable":true,"href":"https:\/\/www.steiner-versicherungskontor.de\/index.php\/wp-json\/wp\/v2\/pages\/2"}],"wp:attachment":[{"href":"https:\/\/www.steiner-versicherungskontor.de\/index.php\/wp-json\/wp\/v2\/media?parent=55"}],"curies":[{"name":"wp","href":"https:\/\/api.w.org\/{rel}","templated":true}]}}